72078 = 0. What are the prime factors of r?
3, 5, 89
Let y(x) = 3*x**2 - 9*x + 24. Let b(a) = -2*a**2 + 19*a + 33. Let l be b(-2). List the prime factors of y(l).
2, 3
Suppose 4*d - 266*x + 264*x = 33056, -3*x = 3*d - 24792. List the prime factors of d.
2, 1033
Let u(j) = 6*j**3 + 20*j**2 + 30*j - 218. What are the prime factors of u(10)?
2, 3, 449
Let b(u) = 49*u**2 - 3074*u - 14. List the prime factors of b(75).
45061
Suppose 987522 = -120*s + 2801442. What are the prime factors of s?
2, 3779
Let a(o) = 2*o**2 - 36*o - 113. Let f be a(27). Let n = 457 - f. List the prime factors of n.
2, 3, 7
Let d(u) = 697*u**2 + 22*u + 38. What are the prime factors of d(8)?
2, 73, 307
Suppose 4*u - 49363 = b, -124*u - 61712 = -129*u + 4*b. List the prime factors of u.
2, 5, 617
Let j(b) = -6*b**3 + 81*b**2 + 76*b - 74. Let x(f) = f**3 - 16*f**2 - 15*f + 15. Let y(q) = -2*j(q) - 11*x(q). What are the prime factors of y(-9)?
271
Suppose 16297 - 4887 = 7*l. Suppose -l + 256 = -6*t. What are the prime factors of t?
229
Suppose 152*f - 162*f + 13900 = 0. Suppose -2*o - 2*n + 1274 = 0, 5*o - f = -3*n + 1801. List the prime factors of o.
2, 5
Let t(a) = 13*a**3 + 105*a**2 - 688*a - 14. List the prime factors of t(7).
2, 7, 11, 31
Let r(z) = -z**2 - 43*z - 185. Let g be r(-26). Suppose -2*h + q = -477 - g, -4*q = -16. List the prime factors of h.
3, 41
Suppose 0 = 10*l + 140 - 160. Suppose -2*z + 5*p = p - 14, -3*p + 22 = 5*z. Suppose -l*b = 2*r - 102, z*b - 252 + 6 = 4*r. List the prime factors of b.
2, 5
Let d(a) = 26*a - 154. Let k be d(6). Suppose -3*h = k*c - 1261, -3*h + 1682 = h + 3*c. List the prime factors of h.
419
Suppose -5*u = -13*u + 48. What are the prime factors of (9/u)/(((-65)/(-610))/13)?
3, 61
Suppose 4*m + 7020 = 2*r - 2204, -13836 = -3*r - m. List the prime factors of r.
2, 1153
Let j = 57 - 24. Suppose 0 = -4*a - 20, 5*a + j = 2*c + 2*c. List the prime factors of 495*(-7 + c)/(-15).
3, 5, 11
Let s(v) = -v - 4. Let k be s(-7). Suppose -4*f + 7 = k*f. Let a = 12 + f. List the prime factors of a.
13
Let h(n) = -3*n + 19. Let y(s) = 9*s - 57. Let i(m) = -8*h(m) - 3*y(m). Let q be i(-12). Suppose 5*t - 215 - q = 0. List the prime factors of t.
2, 3
Let t be ((-3)/4*2)/(2/(-4)). Suppose -j + 22 = 3*b, 4*j + t*b - 2*b = 44. Suppose 5*g + j = 95. List the prime factors of g.
17
Let i(r) = -r - 5. Suppose -5*d + 87 = -s - 2*s, 2*d = 2*s + 38. Suppose 192 = d*n - 23*n. What are the prime factors of i(n)?
19
Let g(u) be the first derivative of 17*u**2/2 - 59*u + 5. List the prime factors of g(7).
2, 3, 5
Suppose -7*h - 44 = -18*h. Let n(m) = 135*m - 27. What are the prime factors of n(h)?
3, 19
Suppose j = -0*j - 5*i - 1385, 2*j - i + 2715 = 0. Let c = -939 - j. List the prime factors of c.
421
Suppose 6*r - 33 = -15. Suppose 4*d - 3*p - 5524 + 1061 = 0, -2*p - 3348 = -r*d. What are the prime factors of d?
2, 13, 43
Suppose 205*y - 204*y + 2*f = 5412, 16263 = 3*y - 3*f. What are the prime factors of y?
2, 3, 7, 43
Suppose 27775 = -25*q - 650. List the prime factors of q/3*(3 - 4).
379
Let j = 2041 + -54. List the prime factors of j.
1987
Let l(t) = 13344*t**3 + 16*t**2 - 12*t - 3. List the prime factors of l(1).
5, 17, 157
Let h = 264 - 170. Let a = 84 + h. Let q = 272 - a. What are the prime factors of q?
2, 47
Let o(v) = 4700*v - 2033. What are the prime factors of o(10)?
3, 13, 1153
What are the prime factors of (6/8)/((-435)/(-23766080))?
2, 13, 197
Let o = -140 - -77. List the prime factors of (-2860)/(-14) - 2/o*-9.
2, 3, 17
Suppose -7*b + 68 = 4*d - 3*b, -5*b = -3*d + 75. Suppose -11*w = 3*z - 12*w - 1961, -5*w + d = 0. What are the prime factors of z?
5, 131
Let u be (0 - (-15)/9) + (-40)/(-12). List the prime factors of (-4092)/(-8) - (-15)/(-50)*u.
2, 3, 5, 17
Let r(a) = -2*a**2 + 2*a + 42. Let i be r(-5). List the prime factors of 5*i*76/(-40).
3, 19
Suppose 3*p - 3*y = -2*y + 47602, 0 = -2*p - 5*y + 31763. What are the prime factors of p?
7, 2267
Suppose -158907 = -65*u + 390278. What are the prime factors of u?
7, 17, 71
Suppose 2*b + 8*c - 5*c - 45697 = 0, 5*b - 114253 = 3*c. List the prime factors of b.
2, 5, 457
Let v be (-6)/4*(-20)/6 + 4. Suppose 26*x - v*x = 26163. What are the prime factors of x?
3, 19
Let p(y) = 8*y + 18. Let z be p(4). Let d = -48 + z. Suppose 298 = 4*i + d*a, 0*a - 362 = -5*i + a. List the prime factors of i.
73
Suppose 29*n = 25*n - 196. Suppose 3*w - 154 + 1 = 0. Let a = w - n. List the prime factors of a.
2, 5
Let n(l) = 4*l**2 + 7*l - 2. Let a be n(-4). Let x(k) = 14*k + 273. List the prime factors of x(a).
7, 107
Let u be 2/(-6)*-9 + 2. Let i be (-74)/(-26) - 38/(-247). Suppose 3*o + 93 = 6*c - 4*c, i*c - 149 = -u*o. What are the prime factors of c?
2, 3
Suppose -v = 2*v - 120. Let h(c) = -16*c**2 + 226*c - 11. Let z be h(14). Let o = z + v. What are the prime factors of o?
3, 19
Let j(y) be the third derivative of -y**6/120 + 17*y**5/60 - 31*y**4/24 - 13*y**3/3 - y**2 + 90*y. What are the prime factors of j(9)?
7
Let t = 421 - 197. Suppose 35 - t = -3*x. Let a = x - -25. What are the prime factors of a?
2, 11
Let w(f) be the first derivative of 2*f**2 + 0*f**2 - 11 - 4*f**2 + 20*f. What are the prime factors of w(-5)?
2, 5
Suppose -913832 - 569500 = -142*i. List the prime factors of i.
2, 3, 1741
Let p(y) = 61*y**2 + 1559*y - 49. List the prime factors of p(-35).
7, 13, 17
Suppose 3*i + 8 = 2*r - 0*r, 16 = 4*r - 4*i. Let f be (-8)/(4*r/24). What are the prime factors of (-2064)/(-22) + f/(-66)?
2, 47
Let j be (-3)/9 + (2/(-3))/(-2). Suppose -7*i + 0*i = j. List the prime factors of ((-1)/(-2) + i)/((-1)/(-54)).
3
Let b(h) = -1050*h - 144. Let d be b(3). Let s = 5282 + d. List the prime factors of s.
2, 7, 71
Suppose -732 - 204 = 8*m. Let k be 1 - (-415)/4 - m/(-156). Let a = k - 98. List the prime factors of a.
2, 3
What are the prime factors of ((-131)/(-2))/((-208)/(-38272))?
2, 23, 131
Suppose 190*a - 240*a = -193800. List the prime factors of a.
2, 3, 17, 19
Let z(w) = w**2 - 7*w + 9. Let k be z(6). Let b = k - -32. List the prime factors of b/14*17*2.
5, 17
Let h(w) = -7*w - 12. Let c be ((-6)/(-4))/((-1)/(-42)). Suppose 3*l + 2*x = 6*l + c, 0 = 4*l - x + 79. What are the prime factors of h(l)?
11
Let h be 15/(-5) - 2 - -20. Let t(a) = -a**3 + 16*a**2 - 13*a - 21. Let o be t(h). List the prime factors of (-3880)/(-24) - (-3)/o.
2, 3
Let z(i) = -3*i - 13. Let a = -233 - -223. What are the prime factors of z(a)?
17
Suppose -576 = k - 5*k. Suppose -b + 3*b = -2, 0 = -2*v + 2*b - k. Let d = v - -119. List the prime factors of d.
2, 23
Let x(m) be the first derivative of 16*m**3/3 + 3*m**2/2 - 14*m + 11. Let q be x(7). Suppose 6*a = -a + q. What are the prime factors of a?
113
Let s = -39 + 60. List the prime factors of (5 + -5)/2 + s*1.
3, 7
Let g(q) = 11*q**2 + 1. Let y be g(-5). Let n = y + 167. What are the prime factors of n?
443
Let n = -20989 + 60130. What are the prime factors of n?
3, 4349
List the prime factors of 29/(2175/60) + 1396504/20 + -4.
2, 3, 431
Suppose -4*v - 261 = -v. Let q be (1 + 0/(-3))*136. Let r = v + q. What are the prime factors of r?
7
Suppose 5*r + 3*m - 6 = 0, 0 = -5*r + 2*m + 29 - 8. Suppose -3*f = 3*q - 684, 0 = 3*f - 2*f - r*q - 232. List the prime factors of f.
229
Let t(n) = 100*n + 5. Let l = 86 - 67. Suppose -o + 4 = y, -l = y - 5*y - 5*o. What are the prime factors of t(y)?
3, 5, 7
Suppose a = 2*h - 0*a - 9, 2*h - 24 = -2*a. Suppose h*z = -5*z + 1764. What are the prime factors of z?
3, 7
Suppose 23*s - 15*s + 43*s - 857310 = 0. List the prime factors of s.
2, 5, 41
Suppose 2*h - 4*h = -8. What are the prime factors of (h/10)/((-10)/(-900))?
2, 3
Let a(f) = 260*f**3 - 3*f**2 - 13*f + 22. What are the prime factors of a(5)?
2, 3, 7, 257
Let v(x) = 17*x - 53. Let h be v(-12). Let b = -168 - h. Let a = -35 + b. What are the prime factors of a?
2, 3
Let p = -327 - -714. Suppose 5*o - p = z - 0*z, 158 = 2*o - 2*z. Let l = o + -58. List the prime factors of l.
19
Let m(b) = 486*b**2 + 71*b - 209. What are the prime factors of m(4)?
3, 2617
Suppose -4*u + 23*u = 0. Suppose -33*y + 32*y + 471 = u. List the prime factors of y.
3, 157
Let u be (-9)/(-30)*14 + 12/15. Suppose u*a + 522 = -2*o - 104, -4*a - 2*o = 500. Let x = -25 - a. List the prime factors of x.
101
What ar